
What is the hundreds digit of 120482?
4
What is the units digit of 4888594?
4
What is the hundreds digit of 3881540?
5
What is the tens digit of 9325923?
2
What is the millions digit of 7515516?
7
What is the tens digit of 261467?
6
What is the units digit of 228077?
7
What is the hundreds digit of 8681250?
2
What is the millions digit of 9924218?
9
What is the tens digit of 17531125?
2
What is the units digit of 1453950?
0
What is the units digit of 108667?
7
What is the hundreds digit of 2538958?
9
What is the millions digit of 7186217?
7
What is the ten thousands digit of 6561715?
6
What is the millions digit of 11189999?
1
What is the tens digit of 810954?
5
What is the units digit of 221766?
6
What is the units digit of 6681159?
9
What is the units digit of 262688?
8
What is the hundred thousands digit of 20198107?
1
What is the ten millions digit of 29912518?
2
What is the millions digit of 8364220?
8
What is the ten thousands digit of 710776?
1
What is the units digit of 41510?
0
What is the ten thousands digit of 904663?
0
What is the thousands digit of 4901381?
1
What is the tens digit of 105289?
8
What is the ten thousands digit of 3539491?
3
What is the tens digit of 1710119?
1
What is the ten thousands digit of 455139?
5
What is the ten millions digit of 18839180?
1
What is the ten thousands digit of 849844?
4
What is the tens digit of 347877?
7
What is the units digit of 2686918?
8
What is the tens digit of 417872?
7
What is the ten thousands digit of 5772923?
7
What is the tens digit of 30890715?
1
What is the hundred thousands digit of 6616825?
6
What is the hundred thousands digit of 442299?
4
What is the hundred thousands digit of 425268?
4
What is the tens digit of 358497?
9
What is the tens digit of 93133?
3
What is the units digit of 955216?
6
What is the units digit of 15956?
6
What is the tens digit of 2559476?
7
What is the thousands digit of 6585751?
5
What is the units digit of 1612796?
6
What is the hundred thousands digit of 414934?
4
What is the units digit of 29632462?
2
What is the tens digit of 2445876?
7
What is the ten millions digit of 12252778?
1
What is the thousands digit of 110538?
0
What is the hundreds digit of 370234?
2
What is the ten thousands digit of 9785072?
8
What is the tens digit of 4809709?
0
What is the ten thousands digit of 52885?
5
What is the hundreds digit of 1662947?
9
What is the tens digit of 35937?
3
What is the hundreds digit of 14899781?
7
What is the hundred thousands digit of 188179?
1
What is the hundred thousands digit of 7908723?
9
What is the hundreds digit of 21512592?
5
What is the millions digit of 5096398?
5
What is the units digit of 4365169?
9
What is the units digit of 313482?
2
What is the ten thousands digit of 2622739?
2
What is the ten thousands digit of 1814731?
1
What is the thousands digit of 413540?
3
What is the thousands digit of 2836245?
6
What is the hundreds digit of 2030174?
1
What is the millions digit of 1281176?
1
What is the hundred thousands digit of 2197373?
1
What is the thousands digit of 4767355?
7
What is the units digit of 22858350?
0
What is the tens digit of 25361411?
1
What is the thousands digit of 264742?
4
What is the hundreds digit of 2355974?
9
What is the ten thousands digit of 972865?
7
What is the hundred thousands digit of 137469?
1
What is the thousands digit of 785837?
5
What is the hundreds digit of 280233?
2
What is the hundreds digit of 1664215?
2
What is the ten thousands digit of 3130955?
3
What is the thousands digit of 2737811?
7
What is the thousands digit of 2072181?
2
What is the thousands digit of 1850545?
0
What is the thousands digit of 92235?
2
What is the units digit of 9668550?
0
What is the hundreds digit of 224977?
9
What is the hundreds digit of 101658?
6
What is the millions digit of 4374626?
4
What is the tens digit of 121714?
1
What is the hundred thousands digit of 2026381?
0
What is the thousands digit of 104364?
4
What is the ten thousands digit of 2803908?
0
What is the hundreds digit of 356292?
2
What is the ten thousands digit of 28550451?
5
What is the tens digit of 9024658?
5
What is the thousands digit of 16257160?
7
What is the tens digit of 81775?
7
What is the units digit of 1564805?
5
What is the ten thousands digit of 11583635?
8
What is the millions digit of 2159174?
2
What is the thousands digit of 4827768?
7
What is the units digit of 159041?
1
What is the hundred thousands digit of 1316064?
3
What is the hundreds digit of 322701?
7
What is the units digit of 196441?
1
What is the ten thousands digit of 245043?
4
What is the tens digit of 1117924?
2
What is the thousands digit of 3323748?
3
What is the units digit of 263939?
9
What is the thousands digit of 1138918?
8
What is the hundreds digit of 682150?
1
What is the ten thousands digit of 351133?
5
What is the hundreds digit of 58697?
6
What is the tens digit of 1558114?
1
What is the hundred thousands digit of 1546052?
5
What is the hundred thousands digit of 7869165?
8
What is the units digit of 817535?
5
What is the millions digit of 10666703?
0
What is the millions digit of 29052010?
9
What is the units digit of 27734210?
0
What is the ten thousands digit of 502754?
0
What is the tens digit of 823692?
9
What is the millions digit of 4896916?
4
What is the units digit of 6733548?
8
What is the tens digit of 293315?
1
What is the hundreds digit of 19237?
2
What is the units digit of 5676119?
9
What is the thousands digit of 870907?
0
What is the hundreds digit of 1133961?
9
What is the tens digit of 627349?
4
What is the tens digit of 208424?
2
What is the hundred thousands digit of 171407?
1
What is the units digit of 260483?
3
What is the hundreds digit of 1037432?
4
What is the tens digit of 2257961?
6
What is the ten thousands digit of 7884525?
8
What is the tens digit of 584222?
2
What is the ten millions digit of 12393282?
1
What is the ten thousands digit of 2505057?
0
What is the ten thousands digit of 6083954?
8
What is the millions digit of 14143110?
4
What is the hundred thousands digit of 5801981?
8
What is the ten thousands digit of 245332?
4
What is the thousands digit of 15763611?
3
What is the ten thousands digit of 73684?
7
What is the tens digit of 380406?
0
What is the hundred thousands digit of 2755376?
7
What is the hundred thousands digit of 1095925?
0
What is the units digit of 484141?
1
What is the hundreds digit of 4172465?
4
What is the hundreds digit of 118940?
9
What is the millions digit of 1118245?
1
What is the hundred thousands digit of 218412?
2
What is the hundreds digit of 747152?
1
What is the hundred thousands digit of 3139558?
1
What is the thousands digit of 785214?
5
What is the hundred thousands digit of 416592?
4
What is the hundreds digit of 614695?
6
What is the ten millions digit of 22715834?
2
What is the hundred thousands digit of 2361415?
3
What is the ten thousands digit of 222693?
2
What is the hundred thousands digit of 30690512?
6
What is the hundred thousands digit of 147159?
1
What is the thousands digit of 6951?
6
What is the ten millions digit of 10826211?
1
What is the ten thousands digit of 101567?
0
What is the ten thousands digit of 3594948?
9
What is the tens digit of 3296360?
6
What is the thousands digit of 5284708?
4
What is the ten thousands digit of 396734?
9
What is the tens digit of 19036254?
5
What is the hundred thousands digit of 506262?
5
What is the hundred thousands digit of 4699287?
6
What is the hundred thousands digit of 894698?
8
What is the hundreds digit of 406602?
6
What is the hundred thousands digit of 567898?
5
What is the hundreds digit of 465726?
7
What is the ten thousands digit of 271518?
7
What is the millions digit of 21956587?
1
What is the tens digit of 210642?
4
What is the hundreds digit of 248467?
4
What is the units digit of 836578?
8
What is the units digit of 1504014?
4
What is the thousands digit of 6801?
6
What is the units digit of 2464815?
5
What is the ten thousands digit of 339470?
3
What is the ten thousands digit of 2856049?
5
What is the hundreds digit of 158340?
3
What is the units digit of 1464735?
5
What is the hundred thousands digit of 4651615?
6
What is the units digit of 154273?
3
What is the tens digit of 4559899?
9
Wha